se 15) in base 8?
-1554672
Convert 15543711 (base 8) to base 6.
204540441
-7373 (base 12) to base 6
-134223
467684 (base 9) to base 2
1000100101010001011
What is -545233 (base 7) in base 6?
-2014004
Convert -6100492 (base 10) to base 3.
-102110221022011
Convert -77476033 (base 8) to base 2.
-111111100111110000011011
What is -3144971 (base 10) in base 4?
-23333310023
Convert -2311311202 (base 4) to base 2.
-10110101110101100010
1682429 (base 11) to base 12
b5a050
What is 76ec9 (base 15) in base 10?
377964
What is -4a36 (base 11) in base 14?
-2577
Convert -405177 (base 11) to base 10.
-651064
What is -22413a1 (base 11) in base 6?
-220050013
What is -2a7182 (base 11) in base 7?
-4030463
2302b09 (base 12) to base 4
121221132321
What is 57037 (base 9) in base 6?
451354
Convert -55a4d2 (base 14) to base 4.
-23012112220
Convert -101120121122 (base 3) to base 14.
-55c46
b4a7 (base 15) to base 8
112446
What is -7b458b (base 14) in base 5?
-2033340143
12020323031 (base 4) to base 5
403000141
What is 121755b (base 12) in base 14?
677b39
What is 185089 (base 10) in base 13?
66328
Convert -244300320 (base 5) to base 11.
-7268a7
Convert 169a719 (base 13) to base 4.
123332232013
-166706 (base 9) to base 4
-121033002
102111201002202 (base 3) to base 5
3031200110
268637 (base 9) to base 4
213333220
What is 2000021012210 (base 3) in base 5?
233140031
What is a2103 (base 12) in base 16?
33813
-112011111200 (base 3) to base 6
-5550543
37678 (base 14) to base 7
1103511
Convert 26067240 (base 8) to base 4.
112012322200
28a086 (base 13) to base 6
33141534
What is -3301220122 (base 4) in base 11?
-616658
-16143141 (base 7) to base 15
-20b4c0
-27526 (base 9) to base 10
-18654
What is 1714b18 (base 12) in base 6?
245543232
Convert 170a43 (base 11) to base 10.
264795
Convert -2102020000022 (base 3) to base 4.
-10321123001
-11111201010012 (base 3) to base 4
-21020312330
110000101001011100 (base 2) to base 5
22334020
-2215015 (base 6) to base 5
-12030001
Convert -10011100000110101000110 (base 2) to base 4.
-103200311012
-201210120000100 (base 3) to base 9
-21716010
What is -243411511 (base 6) in base 15?
-61d467
What is -231403344 (base 5) in base 7?
-11606246
Convert 6479bd (base 14) to base 11.
1a13868
Convert 11010111011001000001100 (base 2) to base 16.
6bb20c
2103312 (base 12) to base 6
341242022
6ad57 (base 14) to base 4
333213101
What is -1100010000001100 (base 2) in base 10?
-50188
2201022000200 (base 3) to base 2
101100000001110010101
What is -138c3a (base 13) in base 2?
-1110100010111010101
-20441240 (base 5) to base 2
-101001110110110101
What is 12000201000121 (base 3) in base 7?
31463245
What is 22624602 (base 7) in base 8?
7456100
Convert -17377 (base 14) to base 9.
-87886
1820591 (base 10) to base 14
3556a3
77048 (base 10) to base 12
38708
Convert 265950b (base 12) to base 9.
15240502
What is 499081 (base 14) in base 10?
2521849
What is 1405003 (base 6) in base 15?
18563
-183cb5 (base 16) to base 3
-2222200212211
1110112541 (base 6) to base 5
11041000312
Convert -1cd8c (base 14) to base 13.
-278c7
Convert 1012230043 (base 5) to base 6.
112214200
67322 (base 10) to base 11
46642
1110451 (base 9) to base 3
1010100111201
5136116 (base 9) to base 10
2740407
What is -18712635 (base 9) in base 14?
-13822b7
What is 5e7cc0 (base 16) in base 6?
340420052
What is -154243 (base 7) in base 15?
-8ead
1571846 (base 9) to base 8
3253060
-10153261 (base 7) to base 8
-3203025
What is -1000222010212 (base 3) in base 12?
-2266ab
20102023 (base 4) to base 14
c519
Convert -330252513 (base 6) to base 2.
-10110100000101111111101
What is -2514204 (base 6) in base 10?
-134428
What is -1010111000100000011000 (base 2) in base 12?
-b56b88
Convert -100111100001000 (base 2) to base 9.
-30670
-3d026d (base 15) to base 12
-b97657
Convert d036ee (base 15) to base 10.
9883574
What is 5da21b (base 14) in base 7?
36224134
Convert -1220122001100 (base 3) to base 15.
-1511ac
410023431 (base 5) to base 2
110010000111101111110
What is -1053134015 (base 6) in base 9?
-23785172
What is -4521315 (base 7) in base 14?
-1080b5
Convert 1111001100011110 (base 2) to base 15.
13693
Convert -18aa01b (base 12) to base 6.
-303252035
Convert -1001110010011111101111 (base 2) to base 4.
-21302133233
Convert -734071 (base 13) to base 15.
-383194
What is 65103 (base 11) in base 3?
11210210122
Convert 11420220 (base 6) to base 8.
1277664
What is -100151001 (base 6) in base 15?
-236e44
Convert 1582746 (base 10) to base 2.
110000010011010011010
What is -503757 (base 8) in base 14?
-4463d
Convert 2014260 (base 7) to base 6.
5043243
Convert 1310114441 (base 5) to base 14.
5d6cac
What is -3250427 (base 12) in base 5?
-4421404103
-192a68 (base 12) to base 4
-1223201300
What is -1201301211 (base 4) in base 7?
-3255411
What is -a8d82 (base 14) in base 6?
-12432250
-11100110010010011010 (base 2) to base 8
-3462232
Convert 761635 (base 8) to base 3.
110221121220
68a96 (base 12) to base 13
4b825
What is -1010110000110011010 (base 2) in base 7?
-2666116
11030312 (base 4) to base 5
1140202
What is 111101101011010000100000 (base 2) in base 10?
16167968
10313320 (base 5) to base 3
11111111221
13133 (base 14) to base 7
253463
-14411512 (base 6) to base 7
-4146605
-41a095 (base 16) to base 10
-4300949
What is a266a (base 11) in base 5?
14243444
Convert 23210322 (base 7) to base 4.
13301013303
What is -1045646 (base 7) in base 3?
-20120100202
-125910 (base 10) to base 5
-13012120
89c855 (base 13) to base 4
30122232023
-13150251 (base 6) to base 10
-434263
5cd46 (base 16) to base 8
1346506
What is -41935 (base 16) in base 4?
-1001210311
What is 22222332 (base 4) in base 15?
ce40
What is -4021210 (base 6) in base 15?
-3b240
511755 (base 9) to base 2
1001010000000110000
123639 (base 10) to base 3
20021121020
What is -ba0480 (base 14) in base 6?
-343015504
Convert 922a98 (base 14) to base 4.
102302112132
Convert -3030157 (base 8) to base 5.
-201030311
15305355 (base 6) to base 11
33803a
235727 (base 15) to base 3
10011211000201
What is -13519 (base 15) in base 7?
-345315
587107 (base 10) to base 12
243917
Convert -5044703 (base 8) to base 9.
-2445776
What is ab23 (base 12) in base 3?
221220200
Convert 52378d (base 14) to base 2.
1010100101101010000001
1121002010022 (base 3) to base 5
204113131
Convert 11110110100010011111 (base 2) to base 6.
33351035
What is -44143532 (base 7) in base 8?
-16357134
Convert 24523 (base 12) to base 7.
263145
What is -1b218 (base 13) in base 15?
-10ae2
1012021000121121 (base 3) to base 5
13342104331
What is 146a42 (base 11) in base 13?
80225
1f6fd (base 16) to base 7
1044260
What is -315466 (base 9) in base 4?
-231311121
What is 111111101001010010 (base 2) in base 6?
5330522
What is -18693 (base 16) in base 8?
-303223
Convert 284340 (base 9) to base 13.
6113a
Convert -11ccb96 (base 13) to base 3.
-101110221110221
Convert -1101011110100111 (base 2) to base 9.
-83651
14e4e39 (base 15) to base 6
1300443243
What is -87222 (base 11) in base 8?
-367367
What is a3103 (base 11) in base 4?
210233333
Convert 714756 (base 13) to base 3.
11222000011220
What is -131120213 (base 4) in base 13?
-42a25
604345 (base 9) to base 5
42414434
Convert 110923 (base 14) to base 12.
23a617
Convert -12112101221012 (base 3) to base 14.
-5679a9
What is -1392a (base 15) in base 12?
-30427
-3040335 (base 6) to base 11
-9a176
Convert -99346 (base 10) to base 15.
-1e681
Convert -15253a (base 13) to base 9.
-871415
Convert 434331241 (base 5) to base 14.
369b01
100101101011011101110001 (base 2) to base 7
146645654
What is 2302924 (base 10) in base 2?
1000110010001111001100
What is -3153225 (base 6) in base 7?
-1213532
Convert 38be5 (base 16) to base 6.
4552005
Convert 64166 (base 7) to base 8.
37003
Convert -13257012 (base 8) to base 10.
-2973194
5221178 (base 9) to base 4
22220332322
Convert -3402233041 (base 5) to base 10.
-7461646
1351656 (base 7) to base 12
88729
What is -2312021130 (base 4) in base 11?
-46a5a1
Convert -14411340 (base 5) to base 7.
-1210615
What is -203fc5 (base 16) in base 13?
-58cca2
What is 7872a (base 11) in base 2?
11011110101011110
Convert -9a038 (base 11) to base 12.
-6bb94
What is -44190 (base 10) in base 6?
-540330
What is -41322432 (base 6) in base 16?
-1233d4
Convert 1365235 (base 7) to base 2.
101100111111